*z - v + 488. Is z composite?
False
Suppose 3*c = 5*v - 0*c - 19753, 3*c = 2*v - 7894. Suppose 0 = j - y - 7152, j + 5*y - 3193 = v. Is j a composite number?
False
Let k(v) = 52535*v + 5242. Is k(11) prime?
True
Let r = -103 + 106. Suppose n - r + 27 = 5*h, -4*h - 4*n = 0. Suppose h*c + 3*c = 8043. Is c a prime number?
False
Let f(j) = 4*j**2 - 21*j - 20. Let q be f(-17). Let a = 5340 - q. Is a a prime number?
True
Suppose 2*n + n + f - 14 = 0, 3*n = -4*f + 29. Suppose -49018 = -n*t - 5*y, -28349 - 37000 = -4*t - 5*y. Is t a composite number?
True
Let l(h) = 3*h**2 - h - 5. Let b(g) = 9*g**2 - 2*g - 15. Let j(y) = 6*b(y) - 17*l(y). Let f be j(1). Is (f/6)/((3 + -1)/3868) a composite number?
False
Suppose -9*o - 6116 = 2*o. Let i = o + 1485. Is i a composite number?
False
Let j = 246229 - 119924. Is j a prime number?
False
Let c = 13122 - 3035. Let y = c + -1942. Let k = y + -4982. Is k prime?
True
Let g = -8 - -10. Suppose -4*c + 12284 = 5*o - 3089, -19241 = -5*c + g*o. Is c a prime number?
True
Is 153740/48 - (-1)/12 composite?
False
Suppose -4*w - 2*c = -14, 6*w - 13 = 2*w - 3*c. Suppose -4*m + 12128 = -4*o - 13880, 0 = w*o - 3*m + 26003. Let r = 9582 + o. Is r a prime number?
False
Let k(z) = 26*z**3 - 16*z**2 - 49*z - 183. Is k(14) a prime number?
True
Suppose 0 = 3*w - r - 16, 11*r - 6 = -2*w + 7*r. Let g(j) = 152*j + 21. Is g(w) composite?
True
Let g(t) = 195*t + 6. Let x(b) = 974*b + 30. Let f(i) = -11*g(i) + 2*x(i). Let m be (((-3)/(-6))/(10/(-40)))/2. Is f(m) a prime number?
True
Let g(q) = -41891*q + 5715. Is g(-14) prime?
False
Suppose -5*a = 2*r - 8, r + 3*r + 4 = 0. Suppose -7*o + a*o = -10. Is ((-16)/24)/(o/(-471)) a prime number?
True
Suppose -99*n + 110*n = 1400279 + 8029130. Is n a prime number?
False
Let q = 562 - 558. Suppose q*c = -2*g + 29568, c + 9*g - 7403 = 14*g. Is c composite?
False
Let v = 84841 + 253528. Is v prime?
True
Let p = 86 - 2213. Let i = 4448 + p. Is i composite?
True
Suppose -o - 5*m = 13, -3*m - 9 = -o + 2. Suppose -o*y = u - 1325, -5*u + 0*u = 4*y - 6607. Is u prime?
True
Let h be 6 + (-4 + 5)*(-1 + -2). Suppose -2*b - 4*v + v + 3544 = 0, -h*v - 7124 = -4*b. Let l = -567 + b. Is l a composite number?
True
Let b = 55 + 5. Is (-285)/b*(-166 - (0 - 2)) composite?
True
Suppose 2959 = -6*y - 5*y. Let r = 973 + y. Let k = -397 + r. Is k prime?
True
Let w be (5 - (-344)/(-72)) + 75/27. Suppose w*b = -2*h + 12333, 5*b = -4*h + 13160 + 7395. Is b composite?
False
Suppose 54*i - 1778103 + 217793 = 2171252. Is i a composite number?
True
Let v(o) = 447*o**2 - 82*o - 141. Is v(-28) a composite number?
True
Suppose -431500 = -25*j - 0*j. Let t = j + -8169. Is t composite?
False
Is 4000324/84 - 2/84*-4 prime?
True
Let r(v) = -v + 2. Let t be r(2). Suppose 161 = 2*h + 2*f - 237, t = -4*h - 3*f + 794. Let s = h + -84. Is s composite?
False
Suppose 3*g + 9*w = 4*w + 22, -14 = -4*g + w. Suppose -2*d + 16826 = i + 3*d, 4*d - 67304 = -g*i. Suppose 0 = 10*h - i - 14544. Is h a composite number?
False
Suppose -k + 16962 = 5*g - 3869, 0 = -3*k - 4*g + 62471. Is k composite?
True
Let i be (-1395325)/(-50) - 3/2. Suppose -7*w + 2*h - 5581 = -8*w, 2*h = -5*w + i. Is w prime?
True
Suppose -6 + 15 = 3*u, 5626 = k + u. Is k prime?
True
Suppose -40*d = 9*d + 35*d - 43011276. Is d composite?
True
Let r(f) = 6*f**3 - 15*f**2 - 21*f + 29. Let v be ((-20)/(-15))/(80/(-42) - -2). Is r(v) a prime number?
True
Let d(u) = 16270*u**2 - 235*u + 913. Is d(4) prime?
False
Let r(w) = 10*w**2 + 15*w - 3. Let m = 111 + -122. Is r(m) prime?
False
Let q = 6 + -3. Let r(g) = 13*g**3 + 8*g + 12*g**2 - 7*g**3 - 5*g**q + 25. Is r(-11) composite?
True
Let x be (-1)/(-2) - (8595/10 - 1). Let t = -314 - x. Let s = t + -215. Is s prime?
False
Let h be (-121625)/(-15) - 4/(-6). Let o be 17 - 6*99/54. Suppose 6993 = o*j - h. Is j composite?
True
Suppose -d + 9*d = 240. Is ((-30234)/(-9)*-1)/((-20)/d) composite?
False
Let u = -1381 + 3111. Suppose 4*y = 20, -g + y - u = 4*g. Let i = g + 754. Is i a prime number?
True
Let k(v) = 19*v - 3. Let b(p) = 20*p - 4. Let a(r) = 4*b(r) - 5*k(r). Let g be a(1). Is (8/g)/((-1)/16634) a prime number?
True
Let v(m) = 3*m + 33. Let s be v(10). Let d = s + -63. Suppose 1228 = 4*r - d*r. Is r a composite number?
False
Is (-1253)/(-358)*(-41414)/(-7) a prime number?
True
Let f(o) = 8*o**2 - 29*o + 6. Let i be f(4). Suppose -4*n - 22334 = -i. Let d = -3678 - n. Is d prime?
True
Suppose -30144 = 3*t - 5*m, 2*t - 1968 = -4*m - 22086. Is ((-1)/(-3))/((-3)/t) a composite number?
False
Let a(h) = -7*h + 37. Let d be a(5). Is 2/d + (-7854)/(-7) a composite number?
False
Let y = 39 + -41. Let s be (y + -4)/(-9*(-4)/1680). Let q = 1149 + s. Is q composite?
True
Let q be (-1594)/(-14) + 15/(-315)*-3. Let b be (-1 + 0)/(1/(-235)). Let l = b - q. Is l a prime number?
False
Let x be 1/3 - (-75)/45. Suppose 3*a = -x*n + 8, 2*a + 3*a - 3*n = -12. Suppose 21*c - 24*c + 2157 = a. Is c a composite number?
False
Let x(l) = 746*l**3 + 3*l**2 - 70*l + 10. Is x(7) composite?
True
Let f be (-588)/15 + (-6)/(-30). Let y be 252/52 - 6/f. Suppose -2*p + 3*t + 1970 = -1251, -y*t = -4*p + 6447. Is p composite?
True
Let b = 95 + -18. Let c = b + -56. Suppose 0 = 9*p - c*p + 12660. Is p a prime number?
False
Suppose 0 = 4*u - 3*x - 17, 3*u + x - 11 = 5*x. Suppose u*m - 5*l = 5810 - 740, -l - 4053 = -4*m. Let y = m + -640. Is y prime?
True
Let y = 3307 - -11290. Is y a composite number?
True
Let o(n) = -54*n**2 + 1 + 14*n - 51*n**2 - 54*n**2 + 164*n**2. Is o(-18) a prime number?
False
Suppose 0 = -222*l + 227*l. Is (-225 + (-1 - l))/(14/(-161)) composite?
True
Let i = -113757 + 229978. Is i composite?
True
Let r = -58 + 61. Let b be 9/(108/21016) + (-1)/r. Suppose 4*q - b = 453. Is q composite?
True
Let p(h) = -6*h - 146. Let j be p(-25). Suppose -10*i + j*i = -103386. Is i prime?
True
Suppose -6273*t - 509913 = -6282*t. Is t a prime number?
False
Let a be 10 + (-384)/40 - (-836396)/10. Suppose 14*g - a = 16670. Is g composite?
True
Suppose 4*y + 2*w = -w - 3, -2*w - 16 = -2*y. Let u be (410/y)/(-1*2/(-6)). Suppose t = -4*t + u. Is t prime?
False
Let b(c) be the third derivative of 47*c**8/20160 + c**7/1008 - c**6/144 + c**5/12 - 13*c**2 - 1. Let o(y) be the third derivative of b(y). Is o(7) prime?
True
Let v(j) be the second derivative of 73*j**6/720 - j**5/4 - j**4/4 + 21*j. Let p(s) be the third derivative of v(s). Is p(13) prime?
True
Suppose j + 5 = 0, 4*t + 7*j = 5*j - 42. Is 9005/(0 + (t - -9)) prime?
False
Let r(h) = -36*h**2 + 16*h - 69. Let g be r(11). Let c = -1640 - g. Is c a composite number?
False
Let f = 224 - 223. Is 2335 + (f - (-5 + 8)) a composite number?
False
Let p be 143/(-117) + (-4)/(-18) - -31. Let u be (7/(-21))/((-2)/p). Is (-4)/(-22) - ((-507875)/55)/u prime?
True
Is 2 + 1/(-1) - (-33 - 1904450/10) composite?
True
Let m(k) = 11432*k**2 + 42*k + 311. Is m(-8) a prime number?
True
Suppose 2*c = 3*o + 4, 3 - 4 = c - 3*o. Let k(j) = 3*j - 10. Let b be k(c). Suppose 0 = 2*h + b*g - 278, 6*h = 2*h - g + 592. Is h composite?
False
Let x(d) = 14*d**2 + 59*d - 436. Is x(-43) a prime number?
False
Let q(r) = 15638*r**2 - 1178*r + 31. Is q(-5) prime?
True
Let s(b) = -b**3 - 10*b**2 - 25*b - 9. Let c be s(-6). Is 1467 - -9 - (c - -1) composite?
True
Suppose 0 = -44*x + 48*x. Suppose -2*j + 8 = 0, -51 = -3*d + 3*j - x*j. Suppose d*t - 16*t = 6575. Is t prime?
False
Suppose -5*d = 4*v - 139459, -58*d + 61*d = -15. Is v composite?
False
Suppose 21 = 2*w - 15*t + 10*t, 15 = 3*w - 2*t. Suppose w*o = j + 3*j - 7948, 3*o + 5961 = 3*j. Is j a prime number?
True
Let b be (-78)/(-13) - (-45)/(-3). Let z(j) = j**2 + 5*j - 9. Let g(x) = -x**2 - 6*x + 10. Let k(o) = 5*g(o) + 6*z(o). Is k(b) a prime number?
False
Let r(x) = -3*x**3 - 34*x**2 - 32*x + 25. Let d(k) = -2*k**3 - 17*k**2 - 16*k + 12. Let w(a) = -5*d(a) + 3*r(a). Let h be w(10). Let z = h + 2476. Is z prime?
False
Suppose -2*r = 4*t - 3908, 3*t - 3*r - 3141 + 192 = 0. Let y = -677 + t. Is y a prime number?
False
Suppose 2*v - 6 = 6. Let f be 0 + 8/v*(-3)/(-2). Suppose -f*c = -5*d - 3673, -d - 1997 - 3519 = -3*c. Is c composite?
True
Let u = 235 + -256. Let p(l) = 4*l**2 + 15*l - 50. Is p(u) composite?
False
Is -15 + -194466*14/(-42) composite?
True
Let a(c) = -2*c**2 - 16*c + 48. Let q be a(